 is divided by f(-9).
1
Suppose 0 = 361*n - 360*n. Suppose 4*q + 38 - 58 = n. What is the remainder when 42 is divided by q?
2
Let t = 1 + 39. Suppose -187*l = 4*c - 185*l - 1098, 5*c - 1359 = 2*l. Calculate the remainder when c is divided by t.
33
Suppose 5*c - 120 = 415. Suppose -231 + 61 = 5*d. Let u(n) = n**2 + 35*n + 71. What is the remainder when c is divided by u(d)?
33
Let c(y) = 15*y + 340. What is the remainder when c(-11) is divided by 20?
15
Let h(d) = 4*d + 29. Suppose 33 - 24 = c. Calculate the remainder when 194 is divided by h(c).
64
Let r = -2805 - -2857. Calculate the remainder when 984 is divided by r.
48
Let s(o) be the second derivative of o**3/6 + 45*o**2/2 + 464*o. Suppose -q = -0 - 6. Calculate the remainder when q is divided by s(-41).
2
Let o be 503 + -18 + 9 - (1 + 1). Let b = -466 + o. What is the remainder when 75 is divided by b?
23
Let j be (15/(-6) - 2/(-4))*-2. What is the remainder when 216 is divided by (j - 68/6)*-3?
18
Let p be 410/40 - 2/8. Suppose -2*l - 5 = j, -4*j - l + 5 = -p. Suppose j*c - 157 = -w, 4*w = 4 - 16. What is the remainder when c is divided by 3?
2
Suppose 4*m = -o + 14, o + 0*m = -3*m + 11. Let c be 24/(-1 - o) + 1/1. Let l(k) = -4*k - 14. Calculate the remainder when 69 is divided by l(c).
13
What is the remainder when (45/(-20))/(12/(-4640)) - (-10)/5 is divided by 19?
17
Suppose -f + 4 = -0*f. Suppose 2*i - 2052 = -f*i. Suppose -2*d + 147 = -5*s, 2*s - 6*s - i = -5*d. Calculate the remainder when d is divided by 34.
32
Let p be 3 - (-723)/2*(-24)/18. Let b = -475 - p. What is the remainder when 49 is divided by b?
1
Let z(m) = m**3 - 5*m**2 + 2*m + 3. Let o be 1/(-5) + 15/75. Suppose -148*g + 149*g - 18 = o. Calculate the remainder when z(6) is divided by g.
15
Let r = -201576 + 201602. Calculate the remainder when r is divided by (-1 + -6)/(2/(-4)).
12
Suppose 0 = 29*u - 98*u + 21459. What is the remainder when u is divided by 132?
47
Calculate the remainder when 667 is divided by 104/(-195)*(-3)/(-24) + (-1996)/(-15).
2
Let b = -5 + 8. Suppose b*w - 509 = -152. Let h(k) = -53*k + 1292. Calculate the remainder when w is divided by h(24).
19
Let f(j) = -2*j**2 + 17*j - 17. Let y(g) = -g**2 - g + 49. Let a be y(6). Calculate the remainder when 23 is divided by f(a).
3
Suppose -22 = 5*h - 72. Let u be ((-204)/9)/(h/(-15)). Let l = u + 12. Calculate the remainder when l is divided by 24.
22
Let u(h) be the first derivative of -6*h**2 - 75*h - 301. Calculate the remainder when 733 is divided by u(-8).
19
Suppose 193*r = 204*r - 66. Suppose 3*j - 2*h = 2, -j + 3*j - 2*h = 0. Calculate the remainder when j is divided by (-6)/(-12) - 3*r/(-12).
0
What is the remainder when 726 is divided by 4/(-16) + (5 - 7 - (-114)/8)?
6
Let i(v) = -v**3 - 31*v**2 + 101*v + 111. What is the remainder when 428 is divided by i(-34)?
138
Let x(k) = -3*k**2 + 190*k - 964. What is the remainder when x(54) is divided by 531?
17
Suppose d - 3 - 14 = 16. Calculate the remainder when 1681 is divided by d.
31
Suppose 2*s + j - 26 = 0, -4*s = 6*j - j - 58. Let q be s/4 + -7 + -3. What is the remainder when 43 is divided by (-110)/q + (-10)/(-35)?
11
Let u(v) = -v**3 - 13*v**2 - 6*v - 11. Let s(f) = 5*f**2 + 566*f + 317. Calculate the remainder when s(-113) is divided by u(-13).
3
What is the remainder when 355 is divided by (-11650)/699*(38/(-5) - (0 + 2))?
35
Let l(q) = -q**3 - 14*q**2 - 16*q - 40. Let h be l(-13). Let f = -3 - -4. Calculate the remainder when f is divided by 0/3 + -2 + h + 4.
0
Let w(t) = -33*t + 431. Let g(v) = -v - 6. Let b be g(5). Let n(u) = u**3 + 11*u**2 - 2*u - 5. Calculate the remainder when w(10) is divided by n(b).
16
What is the remainder when 1518 is divided by 4/22*(-33264)/(-864)?
6
Suppose -t - 2*l + 940 = 9*l, 5*t - 4700 = 3*l. Calculate the remainder when t is divided by 7.
2
Let b(k) = k**2 - 43*k + 13. Let s be b(45). Suppose -16*l + 1159 - s = 0. Calculate the remainder when l is divided by 25.
16
Suppose -3*w = 4*d - 55, 2*d + w = -2*w + 29. Let r(q) = -2*q**2 + 10*q + 7. What is the remainder when d is divided by r(5)?
6
Suppose 77*i = 91*i - 1344. Calculate the remainder when i is divided by 21.
12
Suppose -38 = -10*j + 42. Calculate the remainder when 20517/84 - 2/j is divided by 84.
76
Let j = 5721 - 5548. What is the remainder when 551 is divided by j?
32
Suppose 4540 = 26*y - 6198. Let g = y - 400. Calculate the remainder when 139 is divided by g.
9
Let m be (16/(-32))/((-2)/((-96)/(-1))). Let t = -11 + m. Calculate the remainder when 21 is divided by t.
8
Let o = 1003 + -148. Let i(h) = h**3 - 2*h**2 - 3*h + 26. What is the remainder when o is divided by i(0)?
23
Let y(n) = 37*n - 165. Suppose -3*z + 3*w = 1 - 79, 0 = 3*z - w - 86. Calculate the remainder when z is divided by y(5).
10
Let j(m) = m**3 + 32*m**2 + 235*m - 37. What is the remainder when 3583 is divided by j(-12)?
18
Let q(l) = 59*l. Let g(x) = -6*x + 67. Let j be g(9). Suppose 9*m + 4*z + 44 = j*m, m - 7 = 5*z. Calculate the remainder when q(1) is divided by m.
11
Let s = -549 - -555. Let i(c) = c**3 - 5*c**2 + 3*c - 18. What is the remainder when 102 is divided by i(s)?
30
Suppose 0 = -33*t + 86*t - 6789 - 472. What is the remainder when t is divided by 92?
45
Calculate the remainder when ((-1957)/(-44) + 10*(-51)/(-1870))*8 is divided by 119.
1
Let t = 7718 + -7668. What is the remainder when 209 is divided by t?
9
Suppose -5*x + 49 = -61. Calculate the remainder when (1 + -3)/1 + 44 is divided by x.
20
Let z = 10800 - 10796. What is the remainder when 216 is divided by z?
0
Let q(p) = p**3 - 4*p**2 - 3*p + 7. Let v be q(5). Suppose -v*s - 5*i = -16*s - 123, 4*s - 592 = 5*i. Calculate the remainder when s is divided by 9.
8
Let n = 439 + -290. Let z = 215 - n. Calculate the remainder when z is divided by (-35)/(-2) + (-1)/2.
15
Let f(w) = 2*w**3 - 8*w**2 - 8*w - 1. Suppose 9*i - 4*i - 52 = -s, 0 = -5*i + s + 48. What is the remainder when f(7) is divided by i?
7
Let w = 14373 - 13168. Calculate the remainder when w is divided by 398.
11
Let y = -316 + 410. Let r(w) = -26*w - 74. What is the remainder when y is divided by r(-4)?
4
Let v(x) = -157*x + 4. Let n be v(1). Let l = 106 + n. Let q = l - -74. Calculate the remainder when q is divided by 14.
13
Calculate the remainder when 1890 is divided by (54/9)/((-24)/(-752)).
10
Let k(z) = z**3 + 8*z**2 - 6. Let h be ((-20)/(-5))/(-1) - -31. Suppose -5*r + t = h, 2*r + 14 = -t + 6. Calculate the remainder when k(r) is divided by 14.
13
Suppose 0 = -7*o + 176 + 300. Let b(s) = -s**3 - 9*s**2 - 2*s - 13. Calculate the remainder when (-1)/((-2)/8 + 13/o) is divided by b(-9).
2
Suppose 3*b - 2*f = -21 + 428, 0 = -b + f + 135. Suppose 34*y - 1026 - 204 = -244. What is the remainder when b is divided by y?
21
Suppose 18*r - 22873 = -4801. What is the remainder when r is divided by 29?
18
Let u(f) = f**3 + 5*f**2 - 10*f - 16. Let d(t) = -6*t**3 - t**2 - 2*t + 3. Let i be d(1). What is the remainder when 26 is divided by u(i)?
2
Let s(j) = 2*j**2 - 13*j + 10. Let n = 142 - 202. Let q = n - -70. What is the remainder when s(q) is divided by 22?
14
Suppose 4*y - 112 = -2*s, -5*y + s + 140 = 3*s. Let x(p) = p**3 + 28*p**2 - 26*p + 178. Calculate the remainder when x(-29) is divided by y.
7
Suppose 0*c + 44 = 3*i - c, 4*c + 8 = 0. What is the remainder when 84 + (4/6)/((-3)/9) is divided by i?
12
Let v(t) = t**3 + 76*t**2 - 238*t + 73. What is the remainder when 2733 is divided by v(-79)?
149
Let k(b) = -b**3 - 18*b**2 - 49*b - 57. Calculate the remainder when 62 is divided by k(-15).
2
Let t(w) = 165*w**2 + 1306*w - 14. Calculate the remainder when t(-8) is divided by (6/4)/((-2)/(-44)).
32
Suppose -1923 = -143*w + 508. Let y = -9 + 18. Suppose y*j - w*j + 392 = 0. What is the remainder when j is divided by 29?
20
Suppose 0 = -3*c - l + 355, 2*l + 480 = 32*c - 28*c. Calculate the remainder when 1068 is divided by c.
116
Suppose -h = 4*z + 2, 4*h + 3*z = h + 39. Let o(d) = -2*d**3 - 136*d**2 + 134*d - 138. What is the remainder when o(-69) is divided by h?
12
Let i be 54 + 3 + 3 + -2. Calculate the remainder when 285 is divided by (1 + i/(-10))*(-105)/42.
9
Suppose 2994 = -27*l + 125*l - 583 + 931. Let j be 0 + -2 + 2 + 26. Let o = j - 16. Calculate the remainder when 